f 17600?
True
Is 4694 a multiple of 25?
False
Is 10 a factor of 954?
False
Is 7245 a multiple of 207?
True
Does 4 divide 9736?
True
Does 9 divide 1198?
False
Is 7880 a multiple of 4?
True
Is 30 a factor of 19980?
True
Is 4929 a multiple of 9?
False
Does 14 divide 116?
False
Does 11 divide 12045?
True
Is 9 a factor of 2521?
False
Is 29 a factor of 3330?
False
Is 66 a factor of 1763?
False
Does 3 divide 136?
False
Does 64 divide 44455?
False
Is 145 a factor of 5655?
True
Is 11 a factor of 21806?
False
Is 9554 a multiple of 119?
False
Does 3 divide 3859?
False
Is 96 a multiple of 5?
False
Does 10 divide 5686?
False
Is 19 a factor of 279?
False
Does 4 divide 1131?
False
Is 23 a factor of 33570?
False
Is 59 a factor of 39221?
False
Is 7423 a multiple of 21?
False
Is 1374 a multiple of 28?
False
Is 15884 a multiple of 22?
True
Is 227 a factor of 7491?
True
Is 4 a factor of 1519?
False
Is 8 a factor of 11011?
False
Is 6321 a multiple of 35?
False
Does 10 divide 8680?
True
Does 19 divide 76931?
True
Is 83 a factor of 9757?
False
Is 328 a factor of 21320?
True
Is 132 a factor of 20592?
True
Does 9 divide 221?
False
Does 195 divide 41445?
False
Is 531 a multiple of 9?
True
Is 7 a factor of 1535?
False
Is 2580 a multiple of 43?
True
Does 15 divide 1995?
True
Does 10 divide 183?
False
Does 369 divide 4797?
True
Does 5 divide 447?
False
Does 86 divide 10058?
False
Is 50 a multiple of 5?
True
Is 4 a factor of 144?
True
Does 6 divide 378?
True
Is 41 a factor of 5617?
True
Is 969 a multiple of 51?
True
Does 10 divide 2978?
False
Does 7 divide 112?
True
Is 3887 a multiple of 4?
False
Does 81 divide 5550?
False
Is 208 a multiple of 8?
True
Is 7314 a multiple of 23?
True
Is 63 a multiple of 13?
False
Is 4180 a multiple of 196?
False
Is 210 a multiple of 10?
True
Does 99 divide 88803?
True
Is 11 a factor of 6731?
False
Is 66347 a multiple of 32?
False
Is 15 a factor of 43?
False
Is 10 a factor of 8076?
False
Is 540 a multiple of 12?
True
Is 1989 a multiple of 51?
True
Does 145 divide 103547?
False
Is 20 a factor of 1040?
True
Does 5 divide 2290?
True
Is 2392 a multiple of 23?
True
Is 3530 a multiple of 10?
True
Does 121 divide 29282?
True
Is 83795 a multiple of 10?
False
Is 61278 a multiple of 7?
True
Is 345 a multiple of 115?
True
Is 23127 a multiple of 12?
False
Is 24 a multiple of 8?
True
Is 1040 a multiple of 42?
False
Does 61 divide 11041?
True
Is 86 a factor of 599?
False
Is 1219 a multiple of 60?
False
Does 8 divide 1130?
False
Is 15 a factor of 1339?
False
Is 486 a multiple of 50?
False
Does 12 divide 265?
False
Does 12 divide 10656?
True
Does 32 divide 64?
True
Is 5418 a multiple of 42?
True
Is 13 a factor of 3289?
True
Does 72 divide 4176?
True
Is 63296 a multiple of 64?
True
Is 16179 a multiple of 7?
False
Is 3 a factor of 49?
False
Is 7 a factor of 1134?
True
Is 60 a multiple of 5?
True
Does 115 divide 19087?
False
Is 8 a factor of 3737?
False
Does 66 divide 112?
False
Is 18 a factor of 12387?
False
Is 22 a factor of 34386?
True
Is 26 a factor of 200?
False
Is 15465 a multiple of 16?
False
Does 43 divide 985?
False
Does 7 divide 1339?
False
Does 4 divide 1484?
True
Is 4277 a multiple of 13?
True
Is 20243 a multiple of 23?
False
Is 653 a multiple of 76?
False
Is 4642 a multiple of 22?
True
Is 2288 a multiple of 11?
True
Is 16 a factor of 336?
True
Is 4606 a multiple of 8?
False
Does 64 divide 4928?
True
Is 10 a factor of 616?
False
Is 830 a multiple of 16?
False
Is 12103 a multiple of 7?
True
Does 8 divide 20120?
True
Is 875 a multiple of 52?
False
Is 4 a factor of 180?
True
Is 16 a factor of 166?
False
Is 5572 a multiple of 8?
False
Is 192 a multiple of 32?
True
Is 156 a multiple of 13?
True
Is 1056 a multiple of 66?
True
Does 12 divide 1003?
False
Is 9 a factor of 360?
True
Is 8640 a multiple of 60?
True
Does 89 divide 894?
False
Is 20 a factor of 64248?
False
Does 53 divide 6016?
False
Does 62 divide 6696?
True
Is 34 a factor of 5236?
True
Is 27 a factor of 12280?
False
Is 9 a factor of 17973?
True
Is 4722 a multiple of 10?
False
Is 1864 a multiple of 86?
False
Is 43568 a multiple of 7?
True
Is 6497 a multiple of 89?
True
Is 13209 a multiple of 17?
True
Does 6 divide 2169?
False
Does 7 divide 275?
False
Does 3 divide 229?
False
Is 45 a factor of 91?
False
Does 2 divide 40?
True
Is 8335 a multiple of 24?
False
Does 53 divide 4272?
False
Is 7925 a multiple of 148?
False
Is 28575 a multiple of 15?
True
Is 36 a multiple of 12?
True
Does 56 divide 3186?
False
Does 9 divide 355?
False
Does 11 divide 6457?
True
Does 3 divide 363?
True
Is 102480 a multiple of 10?
True
Does 43 divide 3483?
True
Is 59 a factor of 2981?
False
Does 22 divide 8394?
False
Does 4 divide 4344?
True
Is 2 a factor of 352?
True
Is 10 a factor of 119?
False
Does 9 divide 12744?
True
Is 24543 a multiple of 303?
True
Does 10 divide 9050?
True
Does 310 divide 127001?
False
Is 27 a factor of 23382?
True
Is 14 a factor of 23436?
True
Is 10 a factor of 4030?
True
Does 9 divide 288?
True
Is 38 a multiple of 19?
True
Is 2319 a multiple of 2?
False
Is 163 a multiple of 14?
False
Does 297 divide 41206?
False
Does 7 divide 469?
True
Is 44 a factor of 5967?
False
Does 121 divide 9317?
True
Is 3323 a multiple of 82?
False
Is 3 a factor of 15497?
False
Is 8 a factor of 748?
False
Does 30 divide 3046?
False
Does 6 divide 30?
True
Does 10 divide 4452?
False
Is 48483 a multiple of 18?
False
Does 103 divide 57371?
True
Is 14 a factor of 27281?
False
Is 124 a multiple of 2?
True
Is 19544 a multiple of 27?
False
Is 2 a factor of 14357?
False
Does 46 divide 1058?
True
Does 8 divide 852?
False
Does 19 divide 63764?
True
Is 5776 a multiple of 7?
False
Does 10 divide 52560?
True
Does 21 divide 84?
True
Is 4698 a multiple of 5?
False
Is 24 a factor of 18580?
False
Is 30 a factor of 1380?
True
Does 17 divide 11611?
True
Is 12635 a multiple of 19?
True
Does 11 divide 4235?
True
Does 7 divide 392?
True
Does 2 divide 842?
True
Is 88 a factor of 27720?
True
Is 54 a factor of 2816?
False
Is 576 a multiple of 12?
True
Does 112 divide 56672?
True
Is 1944 a multiple of 2?
True
Is 38873 a multiple of 34?
False
Does 12 divide 2388?
True
Does 16 divide 1843?
False
Is 40258 a multiple of 25?
False
Does 13 divide 8957?
True
Is 1500 a multiple of 20?
True
Is 27 a factor of 9420?
False
Is 2 a factor of 76?
True
Is 16 a factor of 71?
False
Is 38 a factor of 1808?
False
Is 49 a factor of 1912?
False
Does 139 divide 3197?
True
Is 1829 a multiple of 6?
False
Does 62 divide 400?
False
Is 17 a factor of 30839?
False
Does 14 divide 336?
True
Is 29 a factor of 101035?
False
Is 8 a factor of 1380?
False
Is 313 a factor of 25979?
True
Does 17 divide 1782?
False
Is 178 a factor of 19549?
False
Does 2 divide 1229?
False
Is 1661 a multiple of 130?
False
Does 9 divide 12276?
True
Does 10 divide 457?
False
Is 2752 a multiple of 16?
True
Is 360 a multiple of 20?
True
Is 9550 a multiple of 9?
False
Does 29 divide 4326?
False
Is 39 a factor of 5694?
True
Is 1364 a multiple of 11?
True
Does 2 divide 129?
False
Is 77 a factor of 616?
True
Does 5 divide 967?
False
Is 6051 a multiple of 188?
False
Is 3166 a multiple of 19?
False
Is 23114 a multiple of 91?
True
Is 55 a factor of 1858?
False
Is 115 a multiple of 26?
False
Is 68 a factor of 564?
False
Is 43 a factor of 25628?
True
Is 3588 a multiple of 78?
True
Is 58 a factor of 457?
False
Does 44 divide 53548?
True
Is 56 a multiple of 7?
True
Is 11 a factor of 6468?
True
Does 17 divide 1479?
True
Is 219 a multiple of 12?
False
Is 64 a factor of 3121?
False
Is 1678 a multiple of 16?
False
Is 57 a factor of 740?
False
Does 10 divide 1390?
True
Does 39 divide 14634?
False
Does 16 divide 445?
False
Does 41 divide 1230?
True
Does 2 divide 16?
True
Does 59 divide 1652?
True
Is 18 a factor of 24653?
False
Is 2376 a multiple of 7?
False
Is 19 a factor of 662?
False
Does 13 divide 61?
False
Does 102 divide 306?
True
Does 115 divide 4025?
True
Is 772 a multiple of 8?
False
Is 18270 a multiple of 14?
True
Is 46 a factor of 1009?
False
Is 60 a factor of 1983?
False
Is 64 a factor of 14443?
False
Is 6900 a multiple of 36?
False
Is 40754 a multiple of 41?
True
Is 160 a factor of 9972?
False
Is 14 a factor of 87738?
True
Is 2359 a multiple of 6?
False
Does 106 divide 3604?
True
Is 11 a factor of 103696?
False